 41. Let o = 11 + -5. Calculate the remainder when h(-6) is divided by o.
5
Calculate the remainder when 80/(-180) + 7707/27 is divided by 16.
13
Let g(q) = -q**3 + 7*q**2 - 27*q + 96. What is the remainder when g(5) is divided by 7?
4
Suppose 15*q - 2057 = 4*q. Suppose -188*n + q*n + 12 = 0. What is the remainder when n is divided by (5 - -1)/((-6)/(-4))?
0
Suppose 3*w + 6 - 45 = 0. Suppose l = 2*b + b - 70, 49 = 2*b - 3*l. Calculate the remainder when b is divided by w.
10
Calculate the remainder when 145 is divided by 141/6 - ((-33)/22 - -2).
7
Let m = 3 - -1. Suppose 0 = z - m*z + 4*y + 107, -156 = -4*z + 2*y. Calculate the remainder when z is divided by 11.
8
Suppose 4*w + 108 = 2*z, 5*z = 2*w + 3*w + 295. Let p(f) = 45*f + 1498. Calculate the remainder when z is divided by p(-33).
12
Suppose 7*l + 5*y - 54 = 3*l, 4*l + 3*y = 58. Calculate the remainder when -22 + 21 + 8*l is divided by 26.
23
Let n = -163 - -198. What is the remainder when n is divided by (2 - (-42)/(-2))/(-1)?
16
Let r = 34 - 28. What is the remainder when 279/6 + (-1)/(-2) is divided by r?
5
Let y = -110 - -193. What is the remainder when y is divided by 30?
23
Calculate the remainder when 2518 is divided by (-132)/(-2) + 210/35.
70
What is the remainder when 41/2 + (-1)/(-2) is divided by (19/19)/(2/24)?
9
Let z(p) = 3*p**3 + p**2 + 4*p - 2. Let s be z(3). Suppose 6*g - s = g. Let d = g + -12. Calculate the remainder when d is divided by 5.
3
Suppose 10851 = 54*k - 34347. Calculate the remainder when k is divided by 28.
25
Suppose 95*t - 90*t = 205. What is the remainder when 122 is divided by t?
40
Let x(o) = o**3 - 6*o**2 - 2*o - 19. Let v = -48 + 141. What is the remainder when v is divided by x(7)?
13
Let q be -4 + 5 + 2/2. Suppose 6 + 90 = q*s. Calculate the remainder when s is divided by 7.
6
Let l be (1/3)/((-12)/(-108)). Suppose y = -2*f + 41 + 4, 3*f - 60 = -l*y. Calculate the remainder when f is divided by 8.
1
Suppose -63*g - 196 = -61*g. Let h = 117 + g. What is the remainder when h is divided by 8?
3
Suppose 5*c - 3*c = -456. Calculate the remainder when (c/(-48))/(1/4 + 0) is divided by 7.
5
Calculate the remainder when 128 is divided by 0 + 48 + 95/95.
30
Suppose 28 = -2*k + k. Calculate the remainder when 123 is divided by 1 - k - (-16)/(2 - 6).
23
Let h = -216 - -312. Let u be -1 - (329 + 3 + 1). What is the remainder when h is divided by (-11)/((-110)/(-4)) - u/10?
30
Let w be ((-4)/10)/(3/(-15)). Let n = 11 - w. Calculate the remainder when n is divided by 5.
4
Let y = -92 + 135. What is the remainder when y is divided by 26?
17
Suppose -3*v = 5*k, 12*v - k - 36 = 9*v. Let q = 188 - 134. Let x = -38 + q. Calculate the remainder when x is divided by v.
6
Let u(p) = -p**3 + 7*p**2 + 8*p - 2. Let x be u(8). Let t be (40/(-30))/(x/18). Calculate the remainder when (t + -5)*52/14 is divided by 14.
12
Let x = -51 - -51. Suppose -3*s + 2*n + 55 = x, -n + 25 = -6*n. Calculate the remainder when s is divided by 9.
6
Let k = 40 + -57. Let b = -6 - k. What is the remainder when 27 is divided by b?
5
Let r = 18 + 4. Let x = -10 + r. Calculate the remainder when 20 is divided by x.
8
Suppose -3*i = 12, 138 = 3*c - 7*i + 4*i. Calculate the remainder when 133 is divided by c.
7
Suppose 0 = 3*m + 2 - 14. Let i = 21 + m. Calculate the remainder when ((-33)/(-21) - 2) + (-1014)/(-14) is divided by i.
22
Let m(h) = 8*h**2 + 106*h + 38. Let t(p) = p**2 + 4*p + 2. Let z be t(-2). What is the remainder when m(-13) is divided by (-1 - -3)/(z/(-5))?
2
Let c = -231 + 336. What is the remainder when c is divided by 31?
12
Let h(t) = -t**3 - 8*t**2 - t. Suppose -2*u + 4*u - 4*v - 4 = 0, 5*v - 5 = 5*u. Let a be (-6)/(-2) - (7 - u). What is the remainder when 14 is divided by h(a)?
6
Let s be (-4)/(-1)*(-9)/2. Let z(p) = 49*p - 34. Let w be z(1). Let j = w - s. What is the remainder when j is divided by 17?
16
Let v(h) = -h**3 + 2*h**2 + 2*h - 8. Let c be v(-5). Let z = c + -24. What is the remainder when z is divided by 45?
43
Let n be (-25)/(-9) + 10/45. Suppose -u + n*v - 90 = -2*u, -450 = -5*u + 5*v. What is the remainder when u is divided by 23?
21
Suppose 0 = -3*f + 14 + 25. What is the remainder when f is divided by (1 + (3 - 5))*(-10 + 5)?
3
Let v(j) = j**2 + j - 1. Let n(k) = 2*k + 7. Let s(x) = n(x) - v(x). What is the remainder when 24 is divided by s(0)?
0
Suppose -3*j - 7 = 8, 0 = -i + j + 66. Let k = -27 + i. What is the remainder when k is divided by 12?
10
Suppose -6*g - 60 = -3*g. Let u = 24 + g. Suppose 8 = -u*z, -2*b + 3*b + z = 5. What is the remainder when 13 is divided by b?
6
Let d(a) = -a**2 + 29*a + 30. Calculate the remainder when 65 is divided by d(29).
5
Suppose 0 = 385*a - 370*a - 420. What is the remainder when 95 is divided by a?
11
Let c = -1255 - -1578. What is the remainder when c is divided by 36?
35
Suppose -36*j + 1599 = 5*j. Calculate the remainder when 737 is divided by j.
35
Suppose -n = 3*g - 143 + 22, -5*n - 25 = 0. Calculate the remainder when g is divided by 34.
8
Suppose a + 2*d = 7*d + 170, 0 = 3*a - d - 440. Suppose 2*k = -3*t + a, 4*t - k - 137 - 60 = 0. Calculate the remainder when t is divided by 10.
9
Let c(t) = t**3 - 21*t**2 + 29*t + 6. Suppose 51 - 11 = 2*v. Let a be c(v). Let m = a - 109. What is the remainder when m is divided by 20?
17
Let h(o) = 7*o - 10. Let i(f) = -8*f + 11. Let m(p) = -4*h(p) - 3*i(p). What is the remainder when 57 is divided by m(-2)?
12
Let j(p) = 2*p**3 + 11*p**2 - 17*p + 41. What is the remainder when 157 is divided by j(-7)?
1
What is the remainder when 458 is divided by (-252)/8*16/(-36)?
10
Suppose -81 = -10*g + 19. Calculate the remainder when 77 is divided by g.
7
What is the remainder when 81 is divided by (184/(-69))/(12/(-63))?
11
Suppose -12*n + c = -9*n - 44, -c - 72 = -5*n. Suppose n*t + 48 = 16*t. Calculate the remainder when 66 is divided by t.
18
Suppose -4*w + 7*b - 2*b = -267, 4*b - 20 = 0. Calculate the remainder when 246 is divided by w.
27
Suppose 164 + 137 = 7*c. Calculate the remainder when 343 is divided by c.
42
Let t(z) = z - 5. Let x be t(4). Let w be (0/x)/4 - -66. Let h = -24 + w. What is the remainder when h is divided by 9?
6
Let b = 305 + -257. What is the remainder when 117 is divided by b?
21
Let b = 15 - 8. Let o = -7 + b. Suppose o = -r + 5*r - 88. Calculate the remainder when r is divided by 6.
4
Let a = 860 - 516. What is the remainder when a is divided by 87?
83
Suppose -5*z = -4*w - 86, 23 + 27 = 5*z + 5*w. Suppose -z*k - 153 = -23*k. What is the remainder when 116 is divided by k?
14
Suppose 0 = 5*d - d. Suppose d*c - 3*n = 3*c - 189, 0 = 4*c - 2*n - 240. Calculate the remainder when c is divided by 16.
13
Suppose 2*j + 2 = g, -g - 5*j = 4*g - 25. Suppose 0 = g*d + 16, 5*d = 3*y + y - 80. What is the remainder when 57 is divided by y?
12
Suppose n - 4*f = 2, -f = -2*n - 0*n + 11. Suppose n*g + 38 = 7*g. What is the remainder when g is divided by 10?
8
Let f = 1 + 7. Suppose -5*z = -2*a - 21, -7*a = -2*a + 3*z - 25. Suppose v = a*b + 2*v - 58, -5*b = 4*v - 139. What is the remainder when b is divided by f?
7
Let v(t) = -3*t**3 + t**2 + 2*t. Let o be v(-1). Suppose -u + o*u - 12 = 0. What is the remainder when u is divided by 3?
0
Let b(o) = -3*o**2 + 28*o + 4. What is the remainder when 64 is divided by b(9)?
12
Suppose -3*p - 2*p = -10. Calculate the remainder when (-1)/3 - 1696/(-48) is divided by p*(-3)/(-3) - -7.
8
Suppose 0*i = -4*i + 920. Suppose 2*c + 3*c - i = 0. What is the remainder when c is divided by 17?
12
Let o(w) = w**3 + 4*w**2 - 1. Let n be -4 + (-4 - (3 + -8)). Calculate the remainder when 29 is divided by o(n).
5
Suppose -14*b + 19*b = 50. Let g(m) = 5*m**3 - 2*m**2 - 3*m + 3. Let w be g(2). Suppose 113 = 3*h + w. What is the remainder when h is divided by b?
8
Suppose -2*d = -5*g - 16, 2*d = d + 3*g + 9. Suppose -2*b + 63 = w, d*b + 3*w = -53 + 155. What is the remainder when 56 is divided by b?
27
Suppose -4*c - t = -4*t - 8, -2 = -c - t. Calculate the remainder when 58 is divided by c.
0
Let c = 62 + -57. Suppose -4*m - 93 = -4*r - 293, -c*m + 2*r + 262 = 0. What is the remainder when m is divided by 14?
12
Suppose 80*w = 88*w - 112. Calculate the remainder when 1453 is divided by w.
11
Suppose 0 = -23*i + 20*i + 3. Calculate the re